
{"id":155,"date":"2012-02-16T21:04:27","date_gmt":"2012-02-16T20:04:27","guid":{"rendered":"http:\/\/www.rebalance.ch\/wptest\/?page_id=155"},"modified":"2022-08-13T15:37:54","modified_gmt":"2022-08-13T13:37:54","slug":"kontaktlageplan","status":"publish","type":"page","link":"https:\/\/www.rebalance.ch\/?page_id=155","title":{"rendered":"Kontakt\/Lageplan"},"content":{"rendered":"<p>Den Kontakt zu meinen Kunden liegt mir am Herzen. Bei Fragen oder Anregungen bevorzuge ich deshalb das pers\u00f6nliche Gespr\u00e4ch. Termine nur nach telefonischer Vereinbarung 078 771 10 75. W\u00e4hrend Behandlungen und ausserhalb der Arbeitszeit ist der Anrufbeantworter eingeschaltet. Oder Sie senden mir eine Mail an: <span style=\"color: #0000ff;\">rebalance@gmx.ch<\/span><\/p>\n<div id='gallery-1' class='gallery galleryid-155 gallery-columns-3 gallery-size-thumbnail'><dl class='gallery-item'>\n\t\t\t<dt class='gallery-icon landscape'>\n\t\t\t\t<a href='https:\/\/www.rebalance.ch\/?attachment_id=163'><img loading=\"lazy\" decoding=\"async\" width=\"150\" height=\"150\" src=\"https:\/\/www.rebalance.ch\/wp-content\/uploads\/2012\/02\/Kuttelgasse1-150x150.png\" class=\"attachment-thumbnail size-thumbnail\" alt=\"\" \/><\/a>\n\t\t\t<\/dt><\/dl>\n\t\t\t<br style='clear: both' \/>\n\t\t<\/div>\n\n<p><strong>\u00d6ffnungszeiten<\/strong><\/p>\n<ul>\n<li>Montag, Dienstag, Donnerstag und Freitag<\/li>\n<\/ul>\n<p><strong>Praxisraum<\/strong><\/p>\n<ul>\n<li><strong>Kuttelgasse 1, 8001 Z\u00fcrich<\/strong>\u00a0 im 3. Stock. Anreise mit \u00d6V: Ab Z\u00fcrich HB Tram 6, 7, 11 oder 13 bis Haltestelle Rennweg. Anreise mit PW Parkhaus Urania, Uraniastrasse 3, 8001 Z\u00fcrich, Parkplatz M\u00fcnsterhof, 8001 Z\u00fcrich<\/li>\n<\/ul>\n<p>\u00a0<\/p>\n\n\n<iframe loading=\"lazy\" frameborder=\"0\" height=\"715px\" src=\"https:\/\/www.sanasearch.ch\/coach_toolkit_booking\/darija-lencel\/?lang=de\" width=\"100%\" style=\"display: inline-block;\"><\/iframe>\n","protected":false},"excerpt":{"rendered":"<p>Den Kontakt zu meinen Kunden liegt mir am Herzen. Bei Fragen oder Anregungen bevorzuge ich deshalb das pers\u00f6nliche Gespr\u00e4ch. Termine<\/p>\n<div class=\"read-button read_more_btn_text\"><a class=\"read_more\" href=\"https:\/\/www.rebalance.ch\/?page_id=155\">Read Now<span class=\"arrow_readm\"> &#x25BA;<\/span><\/a><\/div>\n","protected":false},"author":1,"featured_media":0,"parent":0,"menu_order":0,"comment_status":"closed","ping_status":"closed","template":"template-fullwidth.php","meta":{"footnotes":""},"class_list":["post-155","page","type-page","status-publish","hentry"],"_links":{"self":[{"href":"https:\/\/www.rebalance.ch\/index.php?rest_route=\/wp\/v2\/pages\/155","targetHints":{"allow":["GET"]}}],"collection":[{"href":"https:\/\/www.rebalance.ch\/index.php?rest_route=\/wp\/v2\/pages"}],"about":[{"href":"https:\/\/www.rebalance.ch\/index.php?rest_route=\/wp\/v2\/types\/page"}],"author":[{"embeddable":true,"href":"https:\/\/www.rebalance.ch\/index.php?rest_route=\/wp\/v2\/users\/1"}],"replies":[{"embeddable":true,"href":"https:\/\/www.rebalance.ch\/index.php?rest_route=%2Fwp%2Fv2%2Fcomments&post=155"}],"version-history":[{"count":33,"href":"https:\/\/www.rebalance.ch\/index.php?rest_route=\/wp\/v2\/pages\/155\/revisions"}],"predecessor-version":[{"id":389,"href":"https:\/\/www.rebalance.ch\/index.php?rest_route=\/wp\/v2\/pages\/155\/revisions\/389"}],"wp:attachment":[{"href":"https:\/\/www.rebalance.ch\/index.php?rest_route=%2Fwp%2Fv2%2Fmedia&parent=155"}],"curies":[{"name":"wp","href":"https:\/\/api.w.org\/{rel}","templated":true}]}}

<p>Den Kontakt zu meinen Kunden liegt mir am Herzen. Bei Fragen oder Anregungen bevorzuge ich deshalb das persönliche Gespräch. Termine nur nach telefonischer Vereinbarung 078 771 10 75. Während Behandlungen und ausserhalb der Arbeitszeit ist der Anrufbeantworter eingeschaltet. Oder Sie senden mir eine Mail an: <span style="color: #0000ff;">rebalance@gmx.ch</span></p>
<div id='gallery-1' class='gallery galleryid-155 gallery-columns-3 gallery-size-thumbnail'><dl class='gallery-item'>
			<dt class='gallery-icon landscape'>
				<a href='https://www.rebalance.ch/?attachment_id=163'><img loading="lazy" decoding="async" width="150" height="150" src="https://www.rebalance.ch/wp-content/uploads/2012/02/Kuttelgasse1-150x150.png" class="attachment-thumbnail size-thumbnail" alt="" /></a>
			</dt></dl>
			<br style='clear: both' />
		</div>

<p><strong>Öffnungszeiten</strong></p>
<ul>
<li>Montag, Dienstag, Donnerstag und Freitag</li>
</ul>
<p><strong>Praxisraum</strong></p>
<ul>
<li><strong>Kuttelgasse 1, 8001 Zürich</strong>  im 3. Stock. Anreise mit ÖV: Ab Zürich HB Tram 6, 7, 11 oder 13 bis Haltestelle Rennweg. Anreise mit PW Parkhaus Urania, Uraniastrasse 3, 8001 Zürich, Parkplatz Münsterhof, 8001 Zürich</li>
</ul>
<p> </p>


<iframe loading="lazy" frameborder="0" height="715px" src="https://www.sanasearch.ch/coach_toolkit_booking/darija-lencel/?lang=de" width="100%" style="display: inline-block;"></iframe>

<p>Den Kontakt zu meinen Kunden liegt mir am Herzen. Bei Fragen oder Anregungen bevorzuge ich deshalb das persönliche Gespräch. Termine</p>
<div class="read-button read_more_btn_text"><a class="read_more" href="https://www.rebalance.ch/?page_id=155">Read Now<span class="arrow_readm"> &#x25BA;</span></a></div>
